+ 10. Let g be s(d). What is the tens digit of g/(-14) + (-8)/(-56)?
2
Suppose -4*f - 2 = 2*p, 3*p = 2*p + 3*f + 9. Suppose 15*i - 828 = p*i. What is the tens digit of i?
6
Suppose 7*i = 2*i. Suppose -c - c + 8 = i, -2*g - c + 172 = 0. What is the units digit of g?
4
Suppose 235*j - 231*j = 2648. What is the hundreds digit of j?
6
Let i(f) = -602*f - 35. What is the units digit of i(-1)?
7
Suppose 3*f - 41 = -11. Let a = 12 - f. Suppose 2*c = -3*k + 48, 0 = -2*c - a - 4. What is the units digit of k?
8
Let v be -12*(45/12 + -4). What is the tens digit of 130 + 7 - (-9 + v + 2)?
4
Let k be 0 + -1 + -7 + 6. Let v = 3 + k. What is the tens digit of 0*v/(-3) + 30?
3
Let v = -906 + 3026. What is the thousands digit of v?
2
Let a be 18/(-30) + (-193)/(-5). Let c = a - -118. What is the tens digit of c?
5
What is the units digit of (-2)/(32/24972)*48/(-18)?
2
Let i(h) = h**2 + 3*h + 4. Let j be i(-8). Let g = 60 - j. What is the units digit of g?
6
Suppose q = -3*g + 17, -5*q + 31 = 5*g - 4. Suppose 3*c - 1001 = -q*c + v, -4*v = 4. What is the tens digit of c?
0
Let z(x) be the first derivative of x**4/12 - 5*x**3/3 - 11*x**2/2 - 3. Let y(w) be the second derivative of z(w). What is the units digit of y(6)?
2
Let q(b) = -30*b**3 - 11*b**2 + 12*b + 18. What is the hundreds digit of q(-4)?
7
Let n = 1355 + -775. What is the units digit of n?
0
Let y(o) = o**3 - 21*o**2 + 6*o + 31. What is the hundreds digit of y(21)?
1
Let t be (-4)/6 + 68/(-6). Let q = -9 - t. Suppose -12 = q*v - 42. What is the tens digit of v?
1
Let r = -128 + 235. Let u be r*(6 - 4) + -4. Suppose -d = 4*d - u. What is the units digit of d?
2
Suppose 3*o - 11 = 4. Suppose -3*i = -o*u - 27, 4*i - 4 = -0*i - 4*u. Suppose 0 = -4*a - 3*b + 104, a - i*b + 42 = 3*a. What is the tens digit of a?
2
Suppose 14*s - 6*s = 4040. What is the units digit of s?
5
Let x(s) = 19*s**3 + 5*s**2 + 14*s - 9. Let k(y) = 6*y**3 + 2*y**2 + 5*y - 3. Let g(b) = 17*k(b) - 6*x(b). What is the hundreds digit of g(-2)?
1
Let n(g) = 3*g + g - 6*g - 10. Let p = -11 + 3. What is the units digit of n(p)?
6
Let h(j) = -j - 4. Let a be h(-6). Suppose 3*v = -2*o - o + 222, a = o. Suppose -n - n = -v. What is the units digit of n?
6
Let o = 2318 - 1774. What is the hundreds digit of o?
5
Let v(p) = p + 9. Suppose -8*x + 7*x = 7. Let n be v(x). Suppose -2*r = -3*c - 0*c + 31, 39 = n*c - 5*r. What is the units digit of c?
7
Let b = -15 - -57. Suppose -2*j + 3*f = -0*f - b, 5*f = -5*j + 155. Suppose 0 = 4*s - 4*m - 21 - j, -4*s - 4*m + 64 = 0. What is the tens digit of s?
1
Suppose 0 = i + 2*i - 12. Suppose -i*k = 55 - 347. Suppose 3*y - 2*a - k = 0, 4*y + 17 = -3*a + 103. What is the units digit of y?
3
What is the hundreds digit of (136/170 + (-18)/10)*-1357?
3
Let a(d) = -281*d + 6. Let h be a(-2). Let u = h + -243. What is the tens digit of u?
2
Let u be (264/16)/((-2)/(-4)). Suppose u = -3*j + 258. What is the units digit of j?
5
Let l = 1270 - 731. Suppose -5*n - 14 = -l. What is the hundreds digit of n?
1
What is the hundreds digit of ((-4)/12)/((-2)/(12*92))?
1
Let q(l) = -21*l**3 + 4*l + 1. Let k(v) = -43*v**3 + 9*v + 1. Let n(t) = -2*k(t) + 5*q(t). What is the units digit of n(-1)?
0
Suppose -604 = -2*g - 196. What is the units digit of g?
4
What is the tens digit of ((-22125)/24)/(-1) + (-3)/(-24)?
2
Suppose o = 5*x - 5, 4*o = x + 4 - 24. Let y(u) = -11*u - 354. Let q be y(-33). Suppose x = 12*p - 9*p - q. What is the units digit of p?
3
Let m be (-865)/(-6) - (-14)/(-84). Suppose 0 = -2*o + 2*z + 116, -3*o = 3*z - 0*z - m. What is the tens digit of o?
5
Suppose s - 15 = 2*s + 4*o, 5*s + 2*o = 15. What is the tens digit of ((-248)/2)/(1 + (2 - s))?
6
Let a(d) = 126*d**2 + 5*d + 1. What is the hundreds digit of a(-2)?
4
Let p = 61 + -37. What is the tens digit of 225/(-20)*p/(-9)?
3
Let g(k) = -3*k + 5. Let f be g(12). Let j be 2/10 + f/5. Let t = j + 18. What is the units digit of t?
2
Let q(x) be the third derivative of 5*x**4/24 - 5*x**3/3 - x**2. Let l be q(14). Suppose b + 6 = 4*k + l, 2*b + 4*k = 72. What is the tens digit of b?
4
Let w be 2*(-2)/(-1) - 1. Let t(c) = c**3 + 2*c**2 - c. Let b(z) = -z**2 - 1. Let n(d) = 2*b(d) + t(d). What is the units digit of n(w)?
2
Let n be (-6)/(-12) + 181/2. Suppose 0*k + 274 = 2*m - 2*k, 5*k = 4*m - 551. Let j = m - n. What is the units digit of j?
3
Suppose 22*n + 719 - 4921 = 0. What is the tens digit of n?
9
Let p(f) = f + 2. Let t be p(-2). Suppose -5*x + t*x + 225 = 3*o, -3*x = -5*o - 101. What is the units digit of x?
2
Suppose -8*p + 15 = -13*p. Let m = -1 + p. What is the tens digit of 40 - 2/(m/6)?
4
Let z = 161 + 116. What is the units digit of z?
7
Suppose 4*d = o + 719, 6*d - 3*d - 3*o - 537 = 0. What is the hundreds digit of d?
1
Let j = 12 + -16. Let a be 50/j*30/(-25). What is the tens digit of 1092/a + 5/25?
7
Suppose 8*v - 289 = 22087. What is the thousands digit of v?
2
Let l = -14 + 7. Let u = -5 - l. Suppose u = -0*b + 2*b. What is the units digit of b?
1
Suppose -175 + 23 = -g. Suppose 3*q + m = 2*m + 400, -q + 5*m = -g. What is the tens digit of q?
3
Let j = 16 + -11. Suppose 3*d - 3*g - 510 = 0, j*d - 223 = 2*g + 636. What is the hundreds digit of d?
1
Let a(k) = -9*k - 31. Let j be a(-18). Suppose -3*x + b + j = -91, 3*x - 2*b = 222. What is the tens digit of x?
7
Let v = 8 + -8. Let o(a) = -a**3 - a**2 + 2. Let f be o(v). Suppose -5*k + 156 = -f*r - 0*r, -5*r = -5*k + 165. What is the tens digit of k?
3
Suppose -6*w + 17 = -7. What is the tens digit of (w/(-5))/((-1)/70)?
5
Let g be 4/26 - 30/195. Let v(l) = 4*l + 13*l + g + 7 - 3. What is the tens digit of v(3)?
5
Let m(l) = l**3 - l**2 - 5*l + 2. Let z be m(5). Suppose 5*y - z = 13. Let o = y - 13. What is the units digit of o?
5
Let w(r) = r**2 - 15*r - 32. Suppose -6 = -4*u + 70. What is the tens digit of w(u)?
4
Suppose -4 + 0 = -2*s + r, s + 16 = -4*r. Let n(t) = -t + 85. What is the tens digit of n(s)?
8
Let n(g) = -5*g**2 + 1 - 2 + 22*g**3 - 7 - 5*g - 31*g**3. What is the hundreds digit of n(-3)?
2
What is the tens digit of 1663*9*(-5)/(-45)?
6
Let u = -32 + 54. Let t = 9 - u. Let j = -1 - t. What is the tens digit of j?
1
Let i(k) = k**3 - 1. Let s be i(1). Suppose c + 21 - 18 = s. What is the tens digit of ((-2)/2)/(c/30)?
1
Let h be 4/(-4 - 88/(-20)). Let z = h + -8. Suppose -5*g + 84 = -z*g. What is the tens digit of g?
2
Let f = 9 - 0. Suppose -3 = 4*c + f. What is the units digit of 8/c*(-12 + 6)?
6
Let i be (2/(-3))/((-6)/18). Let q(k) = 208*k**2 - k - 2. Let j be q(i). What is the tens digit of (-4)/(-10) - j/(-30)?
2
Suppose -o + 3894 = 2*m + 3*m, 20 = 5*o. What is the tens digit of m?
7
Let a(b) be the first derivative of -1/4*b**4 - 17*b + 4 - 3*b**2 - 7/3*b**3. What is the units digit of a(-7)?
5
Suppose -5*a = -4*y + 105, -4*a = -2*y - a + 55. Suppose k + 0*k - y = 0. What is the tens digit of k?
2
Suppose -j = 13 - 15. Suppose -j*f + 304 = 2*b, 62 - 371 = -2*f - 3*b. What is the units digit of f?
7
Let b(j) = j**3 + 12*j**2 + 12*j + 13. Let q be b(-11). Suppose 7*a - q*a = 15. Suppose 2*l = 4*l - 5*z - 21, -4*l + 63 = -a*z. What is the tens digit of l?
1
What is the units digit of (-273239)/(-146) + 3/2?
3
Suppose -f = d + 5, 0 = 2*d + 3*d + 15. Let h be 330/42 - f/14. What is the units digit of 10 - ((-2 - 2) + h)?
6
Suppose 0 = -3*p - p + 20. Let r = -7 + p. What is the units digit of r/((-4)/22) + -2?
9
Let x = 560 + -464. What is the units digit of x?
6
Let g be -11 + (1 - (-3 - -3)). Let i = g - -14. What is the units digit of (2/i)/((-9)/(-162))?
9
Suppose 689*o - 664*o = 4525. What is the tens digit of o?
8
Let c be 64 + (-3)/3 - 2. Suppose -c = -4*b + 63. What is the tens digit of b?
3
Let f be (28/(-8))/((-2)/(-28)). Let z = 60 + f. What is the units digit of z?
1
Suppose -1967 = -2*o - 5*i, o + 4*i - 2968 = -2*o. What is the tens digit of o?
9
Let t(x) = x**3 - 6*x**2 + 5*x + 4. Let l be t(5). Suppose 2*q = -q + l*z + 2, 4 = 4*z. Suppose -q*m = 2*m - 4. What is the units digit of m?
1
Let l(x) = 6*x**2 - 17*x + 19. What is the thousands digit of l(21)?
2
Suppose -3*d + 1 = -5. Let c = 14 - 10. What is the units digit of c/(-6)*(-45)/d?
5
Suppose -u = -5*u + 1484. What is the units digit of u?
1
Let b(d) = 275*d - 356. What is the hundreds digit of b(6)?
2
Le